{"id":27,"date":"2023-04-29T21:52:47","date_gmt":"2023-04-29T21:52:47","guid":{"rendered":"https:\/\/solarkoti.fi\/solar\/?page_id=27"},"modified":"2024-03-03T20:12:21","modified_gmt":"2024-03-03T20:12:21","slug":"home","status":"publish","type":"page","link":"https:\/\/solarkoti.fi\/solar\/","title":{"rendered":"Tieto hankinnasta"},"content":{"rendered":"<div class=\"ttr_home_html_row0 row g-0\">\n<div class=\"post_column col-xxl-8 col-xl-8 col-lg-6 col-md-6 col-sm-6 col-xs-12 col-12\">\n<div class=\"ttr_home_html_column00\">\n<div class=\"margin_collapsetop\"><\/div>\n<div class=\"html_content\">\n<h2>Suunniteletko aurinkoj\u00e4rjestelm\u00e4n hankintaa kotiisi?<\/h2>\n<p style=\"text-indent: 0px; margin: 5px 0px 11px 0px; line-height: 1.5em;\">Aurinkopaneelit soveltuvat kaikenlaisiin kiinteist\u00f6ihin ja rakennuksiin kattotyypist\u00e4 riippumatta, sill\u00e4 jokaiselle kattotyypille on oma kiinnitysj\u00e4rjestelm\u00e4ns\u00e4. J\u00e4rjestelm\u00e4n koko m\u00e4\u00e4ritet\u00e4\u00e4n aina kiinteist\u00f6kohtaisen energiatarpeen mukaisesti. Me korostamme, ett\u00e4 ennen aurinkopaneelien hankkimista on t\u00e4rke\u00e4\u00e4 huomioida kiinteist\u00f6n l\u00e4ht\u00f6tilanne ja tulevat tarpeet kuten aurinkos\u00e4hk\u00f6n hy\u00f6dynt\u00e4minen s\u00e4hk\u00f6auton latauksessa.<\/p>\n<p>Aurinko\u00adpaneeli\u00adj\u00e4rjestelm\u00e4n suunnittelussa on otettava huomioon nykyisen s\u00e4hk\u00f6nkulutuksen lis\u00e4ksi my\u00f6s mahdolliset tulevaisuuden hankinnat ja niiden vaikutus kulutukseen. Suomessa ei ole mahdollista varastoida aurinkopaneelien tuottamaa ylim\u00e4\u00e4r\u00e4ist\u00e4 s\u00e4hk\u00f6\u00e4 talvea varten, vaan j\u00e4rjestelm\u00e4 kannattaa mitoittaa siten, ett\u00e4 kaikki paneelien tuottama s\u00e4hk\u00f6 voidaan k\u00e4ytt\u00e4\u00e4 itse kohteessa.<\/p>\n<h3 style=\"text-indent: 0px; margin: 6px 0px 6px 0px; line-height: 1em;\">Tarkista asennusymp\u00e4rist\u00f6<\/h3>\n<p>Katolle osuvat varjostukset, ilmansuunta ja katon kunto vaikuttavat paneeleiden tuottoon ja hankintap\u00e4\u00e4t\u00f6kseen.<\/p>\n<p>Kattoa selv\u00e4sti varjostavat puut heikent\u00e4v\u00e4t merkitt\u00e4v\u00e4sti saatavaa tuottoa ja kannattaa harkita sein\u00e4asennusta tai asennusta tallin katolle tms paikkaan.<\/p>\n<h4>Paljonko 6kWp aurinkovoimala tuottaa vuodessa?<\/h4>\n<p>Esimerkiksi niin pohjoisessa kun Oulun korkeudella j\u00e4rjestelm\u00e4st\u00e4 saatava s\u00e4hk\u00f6energian m\u00e4\u00e4r\u00e4 on 5400kWh vuodessa<a class=\"tt_link\" href=\"https:\/\/solarkoti.fi\/solar\/wp-content\/uploads\/2023\/05\/Tuottolaskelma.pdf\" target=\"_blank\" rel=\"noopener\">, t\u00e4st\u00e4 n\u00e4et laskelman.<\/a><\/p>\n<\/div>\n<div class=\"margin_collapsetop\"><\/div>\n<div style=\"clear: both; width: 0px;\"><\/div>\n<\/div>\n<\/div>\n<div class=\" visible-xs-block d-block\" style=\"clear: both; width: 0px;\"><\/div>\n<div class=\"post_column col-xxl-4 col-xl-4 col-lg-6 col-md-6 col-sm-6 col-xs-12 col-12\">\n<div class=\"ttr_home_html_column01\">\n<div class=\"margin_collapsetop\"><\/div>\n<div class=\"html_content\">\n<p style=\"text-indent: 0px; margin: 0px 0px 0px 0px; text-align: Right; display: block; line-height: 0.07em;\"><span class=\"ttr_image\" style=\"float: Right; overflow: hidden; margin: 0px 0px 0px 0px;\"><img decoding=\"async\" class=\"ttr_uniform\" style=\"max-height: 408.666666666667px; max-width: 348.666666666667px; margin: 0px 0px 0px 0px;\" src=\"https:\/\/solarkoti.fi\/solar\/wp-content\/uploads\/2023\/05\/aurinkojrjestelm13.jpg\" alt=\"J\u00e4rjeselm\" \/><\/span><\/p>\n<\/div>\n<div class=\"margin_collapsetop\"><\/div>\n<div style=\"clear: both; width: 0px;\"><\/div>\n<\/div>\n<\/div>\n<div class=\" d-xxl-block d-xl-block visible-lg-block d-lg-block visible-sm-block d-sm-block visible-md-block d-md-block visible-xs-block d-block\" style=\"clear: both; width: 0px;\"><\/div>\n<div class=\"post_column col-xxl-5 col-xl-5 col-lg-6 col-md-6 col-sm-6 col-xs-12 col-12\">\n<div class=\"ttr_home_html_column02\">\n<div class=\"margin_collapsetop\"><\/div>\n<div class=\"html_content\">\n<p style=\"line-height: 1.59em;\"><span style=\"font-size: 1.071em; color: rgba(143,194,56,1);\">Havainnekuva hybridi-inventteri eri toiminnoista<\/span><span class=\"ttr_image\" style=\"float: Left; overflow: hidden; margin: 0px 0px 0px 0px;\"><img decoding=\"async\" style=\"max-height: 259.333333333333px; max-width: 400.666666666667px; margin: 0px 0px 0px 0px;\" src=\"https:\/\/solarkoti.fi\/solar\/wp-content\/uploads\/2023\/05\/Suyeego_82.jpg\" alt=\"OffGrid -j\u00e4rjestelm\u00e4\" \/><\/span><\/p>\n<\/div>\n<div class=\"margin_collapsetop\"><\/div>\n<div style=\"clear: both; width: 0px;\"><\/div>\n<\/div>\n<\/div>\n<div class=\" visible-xs-block d-block\" style=\"clear: both; width: 0px;\"><\/div>\n<div class=\"post_column col-xxl-6 col-xl-6 col-lg-6 col-md-6 col-sm-6 col-xs-12 col-12\">\n<div class=\"ttr_home_html_column03\">\n<div class=\"margin_collapsetop\"><\/div>\n<div class=\"html_content\">\n<h2>M\u00f6kille s\u00e4hk\u00f6t<\/h2>\n<p><span style=\"font-family: 'Arial'; font-style: normal; font-weight: 400; font-size: 1em; color: rgba(51,51,51,1);\">Off- grid aurinkos\u00e4hk\u00f6j\u00e4rjestelm\u00e4 tarkoittaa itsen\u00e4ist\u00e4 yleiseen jakeluverkkoon kytkem\u00e4t\u00f6nt\u00e4 j\u00e4rjestelm\u00e4\u00e4. S\u00e4hk\u00f6 tuotetaan paneeleilla ja se sy\u00f6tet\u00e4\u00e4n invertterille, josta s\u00e4hk\u00f6 saadaan m\u00f6kin k\u00e4ytt\u00f6\u00f6n. P\u00e4iv\u00e4ll\u00e4 tuotettu s\u00e4hk\u00f6 varastoidaan riitt\u00e4v\u00e4n suureen akustoon. Hybridik\u00e4yt\u00f6ss\u00e4 varavoima-aggregaatti t\u00e4ydent\u00e4\u00e4 aurinko- ja tuulis\u00e4hk\u00f6n tuotantoa ja k\u00e4ytett\u00e4ess\u00e4 ty\u00f6koneita yms akusto latautuu samanaikaisesti. Usein hyvin lyhyet aggregaatin k\u00e4ytt\u00f6jaksot riitt\u00e4v\u00e4t.<\/span><\/p>\n<h2><\/h2>\n<\/div>\n<div class=\"margin_collapsetop\"><\/div>\n<div style=\"clear: both; width: 0px;\"><\/div>\n<\/div>\n<\/div>\n<div class=\" visible-lg-block d-lg-block visible-sm-block d-sm-block visible-md-block d-md-block visible-xs-block d-block\" style=\"clear: both; width: 0px;\"><\/div>\n<\/div>\n","protected":false},"excerpt":{"rendered":"<p>Suunniteletko aurinkoj\u00e4rjestelm\u00e4n hankintaa kotiisi? Aurinkopaneelit soveltuvat kaikenlaisiin kiinteist\u00f6ihin ja rakennuksiin kattotyypist\u00e4 riippumatta, sill\u00e4 jokaiselle kattotyypille on oma kiinnitysj\u00e4rjestelm\u00e4ns\u00e4. J\u00e4rjestelm\u00e4n koko m\u00e4\u00e4ritet\u00e4\u00e4n aina kiinteist\u00f6kohtaisen energiatarpeen mukaisesti. Me korostamme, ett\u00e4 ennen aurinkopaneelien hankkimista on t\u00e4rke\u00e4\u00e4 huomioida kiinteist\u00f6n l\u00e4ht\u00f6tilanne ja tulevat tarpeet kuten &hellip;<\/p>\n<p><a href=\"https:\/\/solarkoti.fi\/solar\/\">Continue Reading<span class=\"meta-nav\">&rarr;<\/span><\/a><\/p>\n","protected":false},"author":1,"featured_media":0,"parent":0,"menu_order":1,"comment_status":"closed","ping_status":"closed","template":"page-templates\/home_page.php","meta":{"footnotes":""},"class_list":["post-27","page","type-page","status-publish","hentry"],"_links":{"self":[{"href":"https:\/\/solarkoti.fi\/solar\/index.php?rest_route=\/wp\/v2\/pages\/27","targetHints":{"allow":["GET"]}}],"collection":[{"href":"https:\/\/solarkoti.fi\/solar\/index.php?rest_route=\/wp\/v2\/pages"}],"about":[{"href":"https:\/\/solarkoti.fi\/solar\/index.php?rest_route=\/wp\/v2\/types\/page"}],"author":[{"embeddable":true,"href":"https:\/\/solarkoti.fi\/solar\/index.php?rest_route=\/wp\/v2\/users\/1"}],"replies":[{"embeddable":true,"href":"https:\/\/solarkoti.fi\/solar\/index.php?rest_route=%2Fwp%2Fv2%2Fcomments&post=27"}],"version-history":[{"count":4,"href":"https:\/\/solarkoti.fi\/solar\/index.php?rest_route=\/wp\/v2\/pages\/27\/revisions"}],"predecessor-version":[{"id":306,"href":"https:\/\/solarkoti.fi\/solar\/index.php?rest_route=\/wp\/v2\/pages\/27\/revisions\/306"}],"wp:attachment":[{"href":"https:\/\/solarkoti.fi\/solar\/index.php?rest_route=%2Fwp%2Fv2%2Fmedia&parent=27"}],"curies":[{"name":"wp","href":"https:\/\/api.w.org\/{rel}","templated":true}]}}

<div class="ttr_home_html_row0 row g-0">
<div class="post_column col-xxl-8 col-xl-8 col-lg-6 col-md-6 col-sm-6 col-xs-12 col-12">
<div class="ttr_home_html_column00">
<div class="margin_collapsetop"></div>
<div class="html_content">
<h2>Suunniteletko aurinkojärjestelmän hankintaa kotiisi?</h2>
<p style="text-indent: 0px; margin: 5px 0px 11px 0px; line-height: 1.5em;">Aurinkopaneelit soveltuvat kaikenlaisiin kiinteistöihin ja rakennuksiin kattotyypistä riippumatta, sillä jokaiselle kattotyypille on oma kiinnitysjärjestelmänsä. Järjestelmän koko määritetään aina kiinteistökohtaisen energiatarpeen mukaisesti. Me korostamme, että ennen aurinkopaneelien hankkimista on tärkeää huomioida kiinteistön lähtötilanne ja tulevat tarpeet kuten aurinkosähkön hyödyntäminen sähköauton latauksessa.</p>
<p>Aurinko­paneeli­järjestelmän suunnittelussa on otettava huomioon nykyisen sähkönkulutuksen lisäksi myös mahdolliset tulevaisuuden hankinnat ja niiden vaikutus kulutukseen. Suomessa ei ole mahdollista varastoida aurinkopaneelien tuottamaa ylimääräistä sähköä talvea varten, vaan järjestelmä kannattaa mitoittaa siten, että kaikki paneelien tuottama sähkö voidaan käyttää itse kohteessa.</p>
<h3 style="text-indent: 0px; margin: 6px 0px 6px 0px; line-height: 1em;">Tarkista asennusympäristö</h3>
<p>Katolle osuvat varjostukset, ilmansuunta ja katon kunto vaikuttavat paneeleiden tuottoon ja hankintapäätökseen.</p>
<p>Kattoa selvästi varjostavat puut heikentävät merkittävästi saatavaa tuottoa ja kannattaa harkita seinäasennusta tai asennusta tallin katolle tms paikkaan.</p>
<h4>Paljonko 6kWp aurinkovoimala tuottaa vuodessa?</h4>
<p>Esimerkiksi niin pohjoisessa kun Oulun korkeudella järjestelmästä saatava sähköenergian määrä on 5400kWh vuodessa<a class="tt_link" href="https://solarkoti.fi/solar/wp-content/uploads/2023/05/Tuottolaskelma.pdf" target="_blank" rel="noopener">, tästä näet laskelman.</a></p>
</div>
<div class="margin_collapsetop"></div>
<div style="clear: both; width: 0px;"></div>
</div>
</div>
<div class=" visible-xs-block d-block" style="clear: both; width: 0px;"></div>
<div class="post_column col-xxl-4 col-xl-4 col-lg-6 col-md-6 col-sm-6 col-xs-12 col-12">
<div class="ttr_home_html_column01">
<div class="margin_collapsetop"></div>
<div class="html_content">
<p style="text-indent: 0px; margin: 0px 0px 0px 0px; text-align: Right; display: block; line-height: 0.07em;"><span class="ttr_image" style="float: Right; overflow: hidden; margin: 0px 0px 0px 0px;"><img decoding="async" class="ttr_uniform" style="max-height: 408.666666666667px; max-width: 348.666666666667px; margin: 0px 0px 0px 0px;" src="https://solarkoti.fi/solar/wp-content/uploads/2023/05/aurinkojrjestelm13.jpg" alt="Järjeselm" /></span></p>
</div>
<div class="margin_collapsetop"></div>
<div style="clear: both; width: 0px;"></div>
</div>
</div>
<div class=" d-xxl-block d-xl-block visible-lg-block d-lg-block visible-sm-block d-sm-block visible-md-block d-md-block visible-xs-block d-block" style="clear: both; width: 0px;"></div>
<div class="post_column col-xxl-5 col-xl-5 col-lg-6 col-md-6 col-sm-6 col-xs-12 col-12">
<div class="ttr_home_html_column02">
<div class="margin_collapsetop"></div>
<div class="html_content">
<p style="line-height: 1.59em;"><span style="font-size: 1.071em; color: rgba(143,194,56,1);">Havainnekuva hybridi-inventteri eri toiminnoista</span><span class="ttr_image" style="float: Left; overflow: hidden; margin: 0px 0px 0px 0px;"><img decoding="async" style="max-height: 259.333333333333px; max-width: 400.666666666667px; margin: 0px 0px 0px 0px;" src="https://solarkoti.fi/solar/wp-content/uploads/2023/05/Suyeego_82.jpg" alt="OffGrid -järjestelmä" /></span></p>
</div>
<div class="margin_collapsetop"></div>
<div style="clear: both; width: 0px;"></div>
</div>
</div>
<div class=" visible-xs-block d-block" style="clear: both; width: 0px;"></div>
<div class="post_column col-xxl-6 col-xl-6 col-lg-6 col-md-6 col-sm-6 col-xs-12 col-12">
<div class="ttr_home_html_column03">
<div class="margin_collapsetop"></div>
<div class="html_content">
<h2>Mökille sähköt</h2>
<p><span style="font-family: 'Arial'; font-style: normal; font-weight: 400; font-size: 1em; color: rgba(51,51,51,1);">Off- grid aurinkosähköjärjestelmä tarkoittaa itsenäistä yleiseen jakeluverkkoon kytkemätöntä järjestelmää. Sähkö tuotetaan paneeleilla ja se syötetään invertterille, josta sähkö saadaan mökin käyttöön. Päivällä tuotettu sähkö varastoidaan riittävän suureen akustoon. Hybridikäytössä varavoima-aggregaatti täydentää aurinko- ja tuulisähkön tuotantoa ja käytettäessä työkoneita yms akusto latautuu samanaikaisesti. Usein hyvin lyhyet aggregaatin käyttöjaksot riittävät.</span></p>
<h2></h2>
</div>
<div class="margin_collapsetop"></div>
<div style="clear: both; width: 0px;"></div>
</div>
</div>
<div class=" visible-lg-block d-lg-block visible-sm-block d-sm-block visible-md-block d-md-block visible-xs-block d-block" style="clear: both; width: 0px;"></div>
</div>

<p>Suunniteletko aurinkojärjestelmän hankintaa kotiisi? Aurinkopaneelit soveltuvat kaikenlaisiin kiinteistöihin ja rakennuksiin kattotyypistä riippumatta, sillä jokaiselle kattotyypille on oma kiinnitysjärjestelmänsä. Järjestelmän koko määritetään aina kiinteistökohtaisen energiatarpeen mukaisesti. Me korostamme, että ennen aurinkopaneelien hankkimista on tärkeää huomioida kiinteistön lähtötilanne ja tulevat tarpeet kuten &hellip;</p>
<p><a href="https://solarkoti.fi/solar/">Continue Reading<span class="meta-nav">&rarr;</span></a></p>
